{"id":359,"date":"2022-11-21T11:51:19","date_gmt":"2022-11-21T10:51:19","guid":{"rendered":"https:\/\/www.myli-immobilier.fr\/?page_id=359"},"modified":"2022-11-21T12:02:29","modified_gmt":"2022-11-21T11:02:29","slug":"politique-de-confidentialite","status":"publish","type":"page","link":"https:\/\/www.myli-immobilier.fr\/index.php\/politique-de-confidentialite\/","title":{"rendered":"Politique de confidentialit\u00e9"},"content":{"rendered":"\t\t<div data-elementor-type=\"wp-page\" data-elementor-id=\"359\" class=\"elementor elementor-359\">\n\t\t\t\t\t\t<section class=\"elementor-section elementor-top-section elementor-element elementor-element-ea42ff2 elementor-section-boxed elementor-section-height-default elementor-section-height-default\" data-id=\"ea42ff2\" data-element_type=\"section\" data-e-type=\"section\">\n\t\t\t\t\t\t<div class=\"elementor-container elementor-column-gap-default\">\n\t\t\t\t\t<div class=\"elementor-column elementor-col-100 elementor-top-column elementor-element elementor-element-c31cea4\" data-id=\"c31cea4\" data-element_type=\"column\" data-e-type=\"column\">\n\t\t\t<div class=\"elementor-widget-wrap elementor-element-populated\">\n\t\t\t\t\t\t<div class=\"elementor-element elementor-element-9248ae1 elementor-widget elementor-widget-image\" data-id=\"9248ae1\" data-element_type=\"widget\" data-e-type=\"widget\" data-widget_type=\"image.default\">\n\t\t\t\t<div class=\"elementor-widget-container\">\n\t\t\t\t\t\t\t\t\t\t\t\t\t\t\t<img fetchpriority=\"high\" decoding=\"async\" width=\"2560\" height=\"1334\" src=\"https:\/\/www.myli-immobilier.fr\/wp-content\/uploads\/2022\/11\/Perspective-HD-scaled.jpg\" class=\"attachment-full size-full wp-image-114\" alt=\"\" srcset=\"https:\/\/www.myli-immobilier.fr\/wp-content\/uploads\/2022\/11\/Perspective-HD-scaled.jpg 2560w, https:\/\/www.myli-immobilier.fr\/wp-content\/uploads\/2022\/11\/Perspective-HD-300x156.jpg 300w, https:\/\/www.myli-immobilier.fr\/wp-content\/uploads\/2022\/11\/Perspective-HD-1024x534.jpg 1024w, https:\/\/www.myli-immobilier.fr\/wp-content\/uploads\/2022\/11\/Perspective-HD-768x400.jpg 768w, https:\/\/www.myli-immobilier.fr\/wp-content\/uploads\/2022\/11\/Perspective-HD-1536x801.jpg 1536w, https:\/\/www.myli-immobilier.fr\/wp-content\/uploads\/2022\/11\/Perspective-HD-2048x1067.jpg 2048w\" sizes=\"(max-width: 2560px) 100vw, 2560px\" \/>\t\t\t\t\t\t\t\t\t\t\t\t\t\t\t<\/div>\n\t\t\t\t<\/div>\n\t\t\t\t\t<\/div>\n\t\t<\/div>\n\t\t\t\t\t<\/div>\n\t\t<\/section>\n\t\t\t\t<section class=\"elementor-section elementor-top-section elementor-element elementor-element-2801016 elementor-section-boxed elementor-section-height-default elementor-section-height-default\" data-id=\"2801016\" data-element_type=\"section\" data-e-type=\"section\">\n\t\t\t\t\t\t<div class=\"elementor-container elementor-column-gap-default\">\n\t\t\t\t\t<div class=\"elementor-column elementor-col-100 elementor-top-column elementor-element elementor-element-b4a4634\" data-id=\"b4a4634\" data-element_type=\"column\" data-e-type=\"column\">\n\t\t\t<div class=\"elementor-widget-wrap elementor-element-populated\">\n\t\t\t\t\t\t<div class=\"elementor-element elementor-element-d7c5070 elementor-widget elementor-widget-spacer\" data-id=\"d7c5070\" data-element_type=\"widget\" data-e-type=\"widget\" data-widget_type=\"spacer.default\">\n\t\t\t\t<div class=\"elementor-widget-container\">\n\t\t\t\t\t\t\t<div class=\"elementor-spacer\">\n\t\t\t<div class=\"elementor-spacer-inner\"><\/div>\n\t\t<\/div>\n\t\t\t\t\t\t<\/div>\n\t\t\t\t<\/div>\n\t\t\t\t<div class=\"elementor-element elementor-element-aec2c57 elementor-widget elementor-widget-heading\" data-id=\"aec2c57\" data-element_type=\"widget\" data-e-type=\"widget\" data-widget_type=\"heading.default\">\n\t\t\t\t<div class=\"elementor-widget-container\">\n\t\t\t\t\t<h2 class=\"elementor-heading-title elementor-size-default\">politique de confidentialit\u00e9<\/h2>\t\t\t\t<\/div>\n\t\t\t\t<\/div>\n\t\t\t\t<div class=\"elementor-element elementor-element-5b10198 elementor-widget elementor-widget-spacer\" data-id=\"5b10198\" data-element_type=\"widget\" data-e-type=\"widget\" data-widget_type=\"spacer.default\">\n\t\t\t\t<div class=\"elementor-widget-container\">\n\t\t\t\t\t\t\t<div class=\"elementor-spacer\">\n\t\t\t<div class=\"elementor-spacer-inner\"><\/div>\n\t\t<\/div>\n\t\t\t\t\t\t<\/div>\n\t\t\t\t<\/div>\n\t\t\t\t<div class=\"elementor-element elementor-element-87b0254 elementor-widget elementor-widget-text-editor\" data-id=\"87b0254\" data-element_type=\"widget\" data-e-type=\"widget\" data-widget_type=\"text-editor.default\">\n\t\t\t\t<div class=\"elementor-widget-container\">\n\t\t\t\t\t\t\t\t\t<h2>Identit\u00e9 et coordonn\u00e9es du responsable de traitement<\/h2>\n<p>Le responsable du traitement des donn\u00e9es personnelles&nbsp;est :<\/p>\n<p>Myli &#8211; Groupe Dynacit\u00e9<br>N\u00b0 SIREN 779 306 471<br>390 Bd du 8 Mai 1945<br>01013 Bourg-en-Bresse Cedex<\/p>\n<p>Le Groupe Dynacit\u00e9 est repr\u00e9sent\u00e9 l\u00e9galement par Marc Gomez, son Directeur G\u00e9n\u00e9ral.<\/p>\n<h2>Collecte et origine des donn\u00e9es<\/h2>\n<p>Toutes les donn\u00e9es personnelles collect\u00e9es par le site le sont directement aupr\u00e8s des utilisateurs.<\/p>\n<h2>Cat\u00e9gorie de donn\u00e9es collect\u00e9es<\/h2>\n<p>La fourniture de donn\u00e9es personnelles n\u2019est pas obligatoire pour consulter notre site internet. Les donn\u00e9es collect\u00e9es sont celles que vous fournirez volontairement dans le cadre des diff\u00e9rents formulaires que vous aurez choisi de compl\u00e9ter.<\/p>\n<p>Les cat\u00e9gories de donn\u00e9es collect\u00e9es dans le cadre des formulaires de collecte sont des donn\u00e9es d\u2019identification personnelle de type nom, pr\u00e9nom, adresse, etc. Les donn\u00e9es obligatoires n\u00e9cessaires au traitement de votre demande sont pr\u00e9cis\u00e9es par un ast\u00e9risque. L\u2019absence de saisie des donn\u00e9es qui ne sont pas pr\u00e9c\u00e9d\u00e9es d\u2019un ast\u00e9risque n\u2019aura pas d\u2019incidence le traitement de votre demande.<\/p>\n<p>Lors de votre navigation sur notre site, des donn\u00e9es sont \u00e9galement susceptibles d\u2019\u00eatre enregistr\u00e9es dans des fichiers appel\u00e9s \u00ab Cookies \u00bb install\u00e9s sur votre terminal (smartphone, tablette, ordinateur, etc.). Pour plus d\u2019informations sur ce sujet, nous vous invitons \u00e0 lire le paragraphe sp\u00e9cifique aux COOKIES.<\/p>\n<h2>Destinataires ou cat\u00e9gorie de destinataires<\/h2>\n<p>Les donn\u00e9es collect\u00e9es par le biais des formulaires de collecte ou d\u2019inscription du site sont uniquement destin\u00e9es aux diff\u00e9rents services internes habilit\u00e9s de DYNACITE. Elles ne sont pas transmises \u00e0 des destinataires externes \u00e0 notre entreprise.<\/p>\n<p>Concernant les donn\u00e9es collect\u00e9es \u00e0 l\u2019aide de cookies, nous vous invitons \u00e0 libre la rubrique correspondante ci-dessous.<\/p>\n<h2>Droits des utilisateurs et coordonn\u00e9es du d\u00e9l\u00e9gu\u00e9 \u00e0 la protection des donn\u00e9es<\/h2>\n<p>Conform\u00e9ment \u00e0 la loi informatique et libert\u00e9s modifi\u00e9e et au r\u00e8glement europ\u00e9en sur la protection des donn\u00e9es, les personnes concern\u00e9es par des traitements de donn\u00e9es \u00e0 caract\u00e8res personnelles disposent d\u2019un droit d\u2019acc\u00e8s, de rectification, d\u2019effacement de leurs donn\u00e9es personnelles, de limitation et d\u2019opposition au traitement et du droit \u00e0 la portabilit\u00e9 de leurs donn\u00e9es.<\/p>\n<p>Dans le cas de traitement fond\u00e9 sur le consentement, la personne concern\u00e9e par le traitement a le droit de retirer son consentement \u00e0 tout moment, sans porter atteinte \u00e0 la lic\u00e9it\u00e9 du traitement fond\u00e9 sur le consentement effectu\u00e9 avant le retrait de celui-ci.<\/p>\n<p>Afin d\u2019exercer vos droits relatifs aux donn\u00e9es \u00e0 caract\u00e8re personnel, vous pouvez contacter notre d\u00e9l\u00e9gu\u00e9 \u00e0 la protection des donn\u00e9es personnelles :<\/p>\n<ul>\n<li>Par courrier \u00e0 l\u2019adresse suivante : Dynacit\u00e9, D\u00e9l\u00e9gu\u00e9 \u00e0 la protection des donn\u00e9es personnelles, 390 Bd du 8 Mai 1945, 01013 Bourg-en-Bresse Cedex.<\/li>\n<li>Par mail \u00e0 :&nbsp;<a href=\"mailto:contact.dpo@dynacite.fr\">contact.dpo@dynacite.fr<\/a><\/li>\n<\/ul>\n<p>Nous demandons aux personnes qui souhaitent faire valoir leurs droits de fournir une preuve de leur identit\u00e9 (copie de carte d\u2019identit\u00e9, permis de conduire ou passeport) ainsi qu\u2019un moyen de contact pour leur r\u00e9pondre (adresse postale ou adresse mail).<\/p>\n<p>Afin d\u2019en savoir plus sur vos droits, consultez la page correspondante sur le site de la CNIL.<\/p>\n<h2>R\u00e9clamation<\/h2>\n<p>Vous pouvez, si vous estimez que vos droits n\u2019ont pas \u00e9t\u00e9 respect\u00e9s, introduire une r\u00e9clamation aupr\u00e8s de l\u2019autorit\u00e9 nationale de protection des donn\u00e9es personnelles. En France, il s\u2019agit de la CNIL (<a href=\"https:\/\/www.cnil.fr\/\">https:\/\/www.cnil.fr\/<\/a>).<\/p>\n<h2>Cookies<\/h2>\n<p>Le contenu de cette rubrique a pour objectif d\u2019informer les visiteurs de l\u2019utilisation des cookies pouvant \u00eatre r\u00e9alis\u00e9e sur notre site, de fournir des explications quant \u00e0 l\u2019int\u00e9r\u00eat et aux usages des cookies.<\/p>\n<h3>Qu\u2019est-ce qu\u2019un cookie ?<\/h3>\n<p>Les cookies sont des donn\u00e9es utilis\u00e9es par un serveur pour envoyer des informations au navigateur d\u2019un utilisateur, et par ce navigateur pour renvoyer des informations au serveur d\u2019origine. Les informations concern\u00e9es peuvent \u00eatre, par exemple, un identifiant unique de session, une langue, une date d\u2019expiration, etc.<\/p>\n<p>Les cookies sont utilis\u00e9s afin d\u2019am\u00e9liorer le confort de navigation et pour stocker des informations qui seront r\u00e9utilis\u00e9es lors de la prochaine visite d\u2019un utilisateur.<\/p>\n<h3>Finalit\u00e9s<\/h3>\n<p>Les cookies install\u00e9s lors de votre visite sur notre site sont :<\/p>\n<ul>\n<li>soit des cookies techniques strictement n\u00e9cessaires \u00e0 la fourniture d\u2019un service de communication en ligne (identifiant de session, authentification) ;<\/li>\n<li>soit des cookies de mesure d\u2019audience permettant de r\u00e9aliser des statistiques, des analyses de fr\u00e9quentation du site et de ses diff\u00e9rents espaces. Ce site utilise Google Analytics, un service d\u2019analyse de site internet fourni par Google.<\/li>\n<\/ul>\n<h3>Google Analytics<\/h3>\n<p>Google Analytics utilise des cookies propri\u00e9taires permettant de g\u00e9n\u00e9rer des rapports sur les interactions des utilisateurs avec les sites Web des clients Google Analytics.<\/p>\n<p>Les donn\u00e9es g\u00e9n\u00e9r\u00e9es par les cookies concernant votre utilisation du site seront transmises et stock\u00e9es par Google sur des serveurs situ\u00e9s aux Etats-Unis. Google utilisera cette information dans le but d\u2019\u00e9valuer votre utilisation du site, de compiler des rapports sur l\u2019activit\u00e9 du site \u00e0 destination de son \u00e9diteur et de fournir d\u2019autres services relatifs \u00e0 l\u2019activit\u00e9 du site et \u00e0 l\u2019utilisation d\u2019Internet.<\/p>\n<p>Google est susceptible de communiquer ces donn\u00e9es \u00e0 des tiers en cas d\u2019obligation l\u00e9gale ou lorsque ces tiers traitent ces donn\u00e9es pour le compte de Google, y compris notamment l\u2019\u00e9diteur de ce site.<\/p>\n<p>Pour plus d\u2019informations sur les principes de confidentialit\u00e9 et de s\u00e9curit\u00e9 de Google Analytics, vous pouvez vous rendre \u00e0 la page suivante : http:\/\/www.google.com\/analytics\/learn\/privacy.html.<\/p>\n<p>Vous pouvez d\u00e9sactiver l\u2019utilisation de cookies sur ce site dans le paragraphe suivant.<\/p>\n<p>Vous pouvez \u00e9galement choisir de d\u00e9sactiver directement les cookies Google Analytics, en vous rendant sur la page suivante :&nbsp;<a href=\"https:\/\/tools.google.com\/dlpage\/gaoptout?hl=fr\">https:\/\/tools.google.com\/dlpage\/gaoptout?hl=fr<\/a>.<\/p>\n<h2>Ce site utilise des Cookies<\/h2>\n<p>Les cookies permettent au site de fonctionner. Les cookies sont de petits fichiers texte qui servent \u00e0 faciliter votre navigation. Ils sont utilis\u00e9s par des logiciels ou sites tiers pour offrir davantage de services, la mesure d\u2019audience et la personnalisation de contenus (ex : partage de contenus sur les r\u00e9seaux sociaux, lecture directe de vid\u00e9os, statistiques Google Analytics\u2026). Nos partenaires de m\u00e9dias sociaux ou d\u2019analyse de trafic peuvent adjoindre ces donn\u00e9es \u00e0 celles que vous avez fournies par ailleurs.<\/p>\n<p>Votre consentement est demand\u00e9 lors de la premi\u00e8re consultation du site. En poursuivant votre navigation, vous acceptez de plein droit l\u2019usage des cookies que vous pouvez \u00e0 tout moment r\u00e9futer en utilisant le bouton ci-dessous. Seuls, les cookies n\u00e9cessaires cit\u00e9s ci-dessous ne peuvent pas \u00eatre retir\u00e9s. Ils permettent de stocker votre choix concernant l\u2019usage des cookies sur ce site.<\/p>\n<p>Cette acceptation est consid\u00e9r\u00e9e comme acquise pour une dur\u00e9e de 12 mois sur ce site. Au-del\u00e0, ce consentement vous sera de nouveau propos\u00e9 apr\u00e8s effacement complet des cookies.<\/p>\t\t\t\t\t\t\t\t<\/div>\n\t\t\t\t<\/div>\n\t\t\t\t\t<\/div>\n\t\t<\/div>\n\t\t\t\t\t<\/div>\n\t\t<\/section>\n\t\t\t\t<section class=\"elementor-section elementor-top-section elementor-element elementor-element-a63261a elementor-section-boxed elementor-section-height-default elementor-section-height-default\" data-id=\"a63261a\" data-element_type=\"section\" data-e-type=\"section\">\n\t\t\t\t\t\t<div class=\"elementor-container elementor-column-gap-default\">\n\t\t\t\t\t<div class=\"elementor-column elementor-col-100 elementor-top-column elementor-element elementor-element-97d523d\" data-id=\"97d523d\" data-element_type=\"column\" data-e-type=\"column\">\n\t\t\t<div class=\"elementor-widget-wrap elementor-element-populated\">\n\t\t\t\t\t\t<div class=\"elementor-element elementor-element-7554d0a elementor-widget elementor-widget-spacer\" data-id=\"7554d0a\" data-element_type=\"widget\" data-e-type=\"widget\" data-widget_type=\"spacer.default\">\n\t\t\t\t<div class=\"elementor-widget-container\">\n\t\t\t\t\t\t\t<div class=\"elementor-spacer\">\n\t\t\t<div class=\"elementor-spacer-inner\"><\/div>\n\t\t<\/div>\n\t\t\t\t\t\t<\/div>\n\t\t\t\t<\/div>\n\t\t\t\t\t<\/div>\n\t\t<\/div>\n\t\t\t\t\t<\/div>\n\t\t<\/section>\n\t\t\t\t<\/div>\n\t\t","protected":false},"excerpt":{"rendered":"<p>politique de confidentialit\u00e9 Identit\u00e9 et coordonn\u00e9es du responsable de traitement Le responsable du traitement des donn\u00e9es personnelles&nbsp;est : Myli &#8211; Groupe Dynacit\u00e9N\u00b0 SIREN 779 306 471390 Bd du 8 Mai 194501013 Bourg-en-Bresse Cedex Le Groupe Dynacit\u00e9 est repr\u00e9sent\u00e9 l\u00e9galement par Marc Gomez, son Directeur G\u00e9n\u00e9ral. Collecte et origine des donn\u00e9es Toutes les donn\u00e9es personnelles collect\u00e9es [&hellip;]<\/p>\n","protected":false},"author":1,"featured_media":0,"parent":0,"menu_order":0,"comment_status":"closed","ping_status":"closed","template":"","meta":{"footnotes":""},"class_list":["post-359","page","type-page","status-publish","hentry"],"yoast_head":"<!-- This site is optimized with the Yoast SEO plugin v27.6 - https:\/\/yoast.com\/product\/yoast-seo-wordpress\/ -->\n<title>Politique de confidentialit\u00e9 - MyLi Immobilier<\/title>\n<meta name=\"robots\" content=\"index, follow, max-snippet:-1, max-image-preview:large, max-video-preview:-1\" \/>\n<link rel=\"canonical\" href=\"https:\/\/www.myli-immobilier.fr\/index.php\/politique-de-confidentialite\/\" \/>\n<meta property=\"og:locale\" content=\"fr_FR\" \/>\n<meta property=\"og:type\" content=\"article\" \/>\n<meta property=\"og:title\" content=\"Politique de confidentialit\u00e9 - MyLi Immobilier\" \/>\n<meta property=\"og:description\" content=\"politique de confidentialit\u00e9 Identit\u00e9 et coordonn\u00e9es du responsable de traitement Le responsable du traitement des donn\u00e9es personnelles&nbsp;est : Myli &#8211; Groupe Dynacit\u00e9N\u00b0 SIREN 779 306 471390 Bd du 8 Mai 194501013 Bourg-en-Bresse Cedex Le Groupe Dynacit\u00e9 est repr\u00e9sent\u00e9 l\u00e9galement par Marc Gomez, son Directeur G\u00e9n\u00e9ral. Collecte et origine des donn\u00e9es Toutes les donn\u00e9es personnelles collect\u00e9es [&hellip;]\" \/>\n<meta property=\"og:url\" content=\"https:\/\/www.myli-immobilier.fr\/index.php\/politique-de-confidentialite\/\" \/>\n<meta property=\"og:site_name\" content=\"MyLi Immobilier\" \/>\n<meta property=\"article:publisher\" content=\"https:\/\/www.facebook.com\/MyLimmobilier\" \/>\n<meta property=\"article:modified_time\" content=\"2022-11-21T11:02:29+00:00\" \/>\n<meta property=\"og:image\" content=\"https:\/\/www.myli-immobilier.fr\/wp-content\/uploads\/2022\/11\/Perspective-HD-scaled.jpg\" \/>\n<meta name=\"twitter:card\" content=\"summary_large_image\" \/>\n<meta name=\"twitter:site\" content=\"@myli_immobilier\" \/>\n<meta name=\"twitter:label1\" content=\"Dur\u00e9e de lecture estim\u00e9e\" \/>\n\t<meta name=\"twitter:data1\" content=\"6 minutes\" \/>\n<script type=\"application\/ld+json\" class=\"yoast-schema-graph\">{\"@context\":\"https:\\\/\\\/schema.org\",\"@graph\":[{\"@type\":\"WebPage\",\"@id\":\"https:\\\/\\\/www.myli-immobilier.fr\\\/index.php\\\/politique-de-confidentialite\\\/\",\"url\":\"https:\\\/\\\/www.myli-immobilier.fr\\\/index.php\\\/politique-de-confidentialite\\\/\",\"name\":\"Politique de confidentialit\u00e9 - MyLi Immobilier\",\"isPartOf\":{\"@id\":\"https:\\\/\\\/www.myli-immobilier.fr\\\/#website\"},\"primaryImageOfPage\":{\"@id\":\"https:\\\/\\\/www.myli-immobilier.fr\\\/index.php\\\/politique-de-confidentialite\\\/#primaryimage\"},\"image\":{\"@id\":\"https:\\\/\\\/www.myli-immobilier.fr\\\/index.php\\\/politique-de-confidentialite\\\/#primaryimage\"},\"thumbnailUrl\":\"https:\\\/\\\/www.myli-immobilier.fr\\\/wp-content\\\/uploads\\\/2022\\\/11\\\/Perspective-HD-scaled.jpg\",\"datePublished\":\"2022-11-21T10:51:19+00:00\",\"dateModified\":\"2022-11-21T11:02:29+00:00\",\"breadcrumb\":{\"@id\":\"https:\\\/\\\/www.myli-immobilier.fr\\\/index.php\\\/politique-de-confidentialite\\\/#breadcrumb\"},\"inLanguage\":\"fr-FR\",\"potentialAction\":[{\"@type\":\"ReadAction\",\"target\":[\"https:\\\/\\\/www.myli-immobilier.fr\\\/index.php\\\/politique-de-confidentialite\\\/\"]}]},{\"@type\":\"ImageObject\",\"inLanguage\":\"fr-FR\",\"@id\":\"https:\\\/\\\/www.myli-immobilier.fr\\\/index.php\\\/politique-de-confidentialite\\\/#primaryimage\",\"url\":\"https:\\\/\\\/www.myli-immobilier.fr\\\/wp-content\\\/uploads\\\/2022\\\/11\\\/Perspective-HD-scaled.jpg\",\"contentUrl\":\"https:\\\/\\\/www.myli-immobilier.fr\\\/wp-content\\\/uploads\\\/2022\\\/11\\\/Perspective-HD-scaled.jpg\",\"width\":2560,\"height\":1334},{\"@type\":\"BreadcrumbList\",\"@id\":\"https:\\\/\\\/www.myli-immobilier.fr\\\/index.php\\\/politique-de-confidentialite\\\/#breadcrumb\",\"itemListElement\":[{\"@type\":\"ListItem\",\"position\":1,\"name\":\"Accueil\",\"item\":\"https:\\\/\\\/www.myli-immobilier.fr\\\/\"},{\"@type\":\"ListItem\",\"position\":2,\"name\":\"Politique de confidentialit\u00e9\"}]},{\"@type\":\"WebSite\",\"@id\":\"https:\\\/\\\/www.myli-immobilier.fr\\\/#website\",\"url\":\"https:\\\/\\\/www.myli-immobilier.fr\\\/\",\"name\":\"MyLi Immobilier\",\"description\":\"Logement locatif interm\u00e9diaire en Auvergne Rh\u00f4ne-Alpes\",\"publisher\":{\"@id\":\"https:\\\/\\\/www.myli-immobilier.fr\\\/#organization\"},\"potentialAction\":[{\"@type\":\"SearchAction\",\"target\":{\"@type\":\"EntryPoint\",\"urlTemplate\":\"https:\\\/\\\/www.myli-immobilier.fr\\\/?s={search_term_string}\"},\"query-input\":{\"@type\":\"PropertyValueSpecification\",\"valueRequired\":true,\"valueName\":\"search_term_string\"}}],\"inLanguage\":\"fr-FR\"},{\"@type\":\"Organization\",\"@id\":\"https:\\\/\\\/www.myli-immobilier.fr\\\/#organization\",\"name\":\"MyLi Immobilier\",\"url\":\"https:\\\/\\\/www.myli-immobilier.fr\\\/\",\"logo\":{\"@type\":\"ImageObject\",\"inLanguage\":\"fr-FR\",\"@id\":\"https:\\\/\\\/www.myli-immobilier.fr\\\/#\\\/schema\\\/logo\\\/image\\\/\",\"url\":\"https:\\\/\\\/www.myli-immobilier.fr\\\/wp-content\\\/uploads\\\/2022\\\/11\\\/Logo_MyLi_couleur.png\",\"contentUrl\":\"https:\\\/\\\/www.myli-immobilier.fr\\\/wp-content\\\/uploads\\\/2022\\\/11\\\/Logo_MyLi_couleur.png\",\"width\":591,\"height\":591,\"caption\":\"MyLi Immobilier\"},\"image\":{\"@id\":\"https:\\\/\\\/www.myli-immobilier.fr\\\/#\\\/schema\\\/logo\\\/image\\\/\"},\"sameAs\":[\"https:\\\/\\\/www.facebook.com\\\/MyLimmobilier\",\"https:\\\/\\\/x.com\\\/myli_immobilier\"]}]}<\/script>\n<!-- \/ Yoast SEO plugin. -->","yoast_head_json":{"title":"Politique de confidentialit\u00e9 - MyLi Immobilier","robots":{"index":"index","follow":"follow","max-snippet":"max-snippet:-1","max-image-preview":"max-image-preview:large","max-video-preview":"max-video-preview:-1"},"canonical":"https:\/\/www.myli-immobilier.fr\/index.php\/politique-de-confidentialite\/","og_locale":"fr_FR","og_type":"article","og_title":"Politique de confidentialit\u00e9 - MyLi Immobilier","og_description":"politique de confidentialit\u00e9 Identit\u00e9 et coordonn\u00e9es du responsable de traitement Le responsable du traitement des donn\u00e9es personnelles&nbsp;est : Myli &#8211; Groupe Dynacit\u00e9N\u00b0 SIREN 779 306 471390 Bd du 8 Mai 194501013 Bourg-en-Bresse Cedex Le Groupe Dynacit\u00e9 est repr\u00e9sent\u00e9 l\u00e9galement par Marc Gomez, son Directeur G\u00e9n\u00e9ral. Collecte et origine des donn\u00e9es Toutes les donn\u00e9es personnelles collect\u00e9es [&hellip;]","og_url":"https:\/\/www.myli-immobilier.fr\/index.php\/politique-de-confidentialite\/","og_site_name":"MyLi Immobilier","article_publisher":"https:\/\/www.facebook.com\/MyLimmobilier","article_modified_time":"2022-11-21T11:02:29+00:00","og_image":[{"url":"https:\/\/www.myli-immobilier.fr\/wp-content\/uploads\/2022\/11\/Perspective-HD-scaled.jpg","type":"","width":"","height":""}],"twitter_card":"summary_large_image","twitter_site":"@myli_immobilier","twitter_misc":{"Dur\u00e9e de lecture estim\u00e9e":"6 minutes"},"schema":{"@context":"https:\/\/schema.org","@graph":[{"@type":"WebPage","@id":"https:\/\/www.myli-immobilier.fr\/index.php\/politique-de-confidentialite\/","url":"https:\/\/www.myli-immobilier.fr\/index.php\/politique-de-confidentialite\/","name":"Politique de confidentialit\u00e9 - MyLi Immobilier","isPartOf":{"@id":"https:\/\/www.myli-immobilier.fr\/#website"},"primaryImageOfPage":{"@id":"https:\/\/www.myli-immobilier.fr\/index.php\/politique-de-confidentialite\/#primaryimage"},"image":{"@id":"https:\/\/www.myli-immobilier.fr\/index.php\/politique-de-confidentialite\/#primaryimage"},"thumbnailUrl":"https:\/\/www.myli-immobilier.fr\/wp-content\/uploads\/2022\/11\/Perspective-HD-scaled.jpg","datePublished":"2022-11-21T10:51:19+00:00","dateModified":"2022-11-21T11:02:29+00:00","breadcrumb":{"@id":"https:\/\/www.myli-immobilier.fr\/index.php\/politique-de-confidentialite\/#breadcrumb"},"inLanguage":"fr-FR","potentialAction":[{"@type":"ReadAction","target":["https:\/\/www.myli-immobilier.fr\/index.php\/politique-de-confidentialite\/"]}]},{"@type":"ImageObject","inLanguage":"fr-FR","@id":"https:\/\/www.myli-immobilier.fr\/index.php\/politique-de-confidentialite\/#primaryimage","url":"https:\/\/www.myli-immobilier.fr\/wp-content\/uploads\/2022\/11\/Perspective-HD-scaled.jpg","contentUrl":"https:\/\/www.myli-immobilier.fr\/wp-content\/uploads\/2022\/11\/Perspective-HD-scaled.jpg","width":2560,"height":1334},{"@type":"BreadcrumbList","@id":"https:\/\/www.myli-immobilier.fr\/index.php\/politique-de-confidentialite\/#breadcrumb","itemListElement":[{"@type":"ListItem","position":1,"name":"Accueil","item":"https:\/\/www.myli-immobilier.fr\/"},{"@type":"ListItem","position":2,"name":"Politique de confidentialit\u00e9"}]},{"@type":"WebSite","@id":"https:\/\/www.myli-immobilier.fr\/#website","url":"https:\/\/www.myli-immobilier.fr\/","name":"MyLi Immobilier","description":"Logement locatif interm\u00e9diaire en Auvergne Rh\u00f4ne-Alpes","publisher":{"@id":"https:\/\/www.myli-immobilier.fr\/#organization"},"potentialAction":[{"@type":"SearchAction","target":{"@type":"EntryPoint","urlTemplate":"https:\/\/www.myli-immobilier.fr\/?s={search_term_string}"},"query-input":{"@type":"PropertyValueSpecification","valueRequired":true,"valueName":"search_term_string"}}],"inLanguage":"fr-FR"},{"@type":"Organization","@id":"https:\/\/www.myli-immobilier.fr\/#organization","name":"MyLi Immobilier","url":"https:\/\/www.myli-immobilier.fr\/","logo":{"@type":"ImageObject","inLanguage":"fr-FR","@id":"https:\/\/www.myli-immobilier.fr\/#\/schema\/logo\/image\/","url":"https:\/\/www.myli-immobilier.fr\/wp-content\/uploads\/2022\/11\/Logo_MyLi_couleur.png","contentUrl":"https:\/\/www.myli-immobilier.fr\/wp-content\/uploads\/2022\/11\/Logo_MyLi_couleur.png","width":591,"height":591,"caption":"MyLi Immobilier"},"image":{"@id":"https:\/\/www.myli-immobilier.fr\/#\/schema\/logo\/image\/"},"sameAs":["https:\/\/www.facebook.com\/MyLimmobilier","https:\/\/x.com\/myli_immobilier"]}]}},"_links":{"self":[{"href":"https:\/\/www.myli-immobilier.fr\/index.php\/wp-json\/wp\/v2\/pages\/359","targetHints":{"allow":["GET"]}}],"collection":[{"href":"https:\/\/www.myli-immobilier.fr\/index.php\/wp-json\/wp\/v2\/pages"}],"about":[{"href":"https:\/\/www.myli-immobilier.fr\/index.php\/wp-json\/wp\/v2\/types\/page"}],"author":[{"embeddable":true,"href":"https:\/\/www.myli-immobilier.fr\/index.php\/wp-json\/wp\/v2\/users\/1"}],"replies":[{"embeddable":true,"href":"https:\/\/www.myli-immobilier.fr\/index.php\/wp-json\/wp\/v2\/comments?post=359"}],"version-history":[{"count":7,"href":"https:\/\/www.myli-immobilier.fr\/index.php\/wp-json\/wp\/v2\/pages\/359\/revisions"}],"predecessor-version":[{"id":373,"href":"https:\/\/www.myli-immobilier.fr\/index.php\/wp-json\/wp\/v2\/pages\/359\/revisions\/373"}],"wp:attachment":[{"href":"https:\/\/www.myli-immobilier.fr\/index.php\/wp-json\/wp\/v2\/media?parent=359"}],"curies":[{"name":"wp","href":"https:\/\/api.w.org\/{rel}","templated":true}]}}